2. Let p = -52 - -53. Let d(g) = p*t(g) + 6*q(g). Let i be d(-1). What is the greatest common factor of 34 and i?
17
Let j(v) = 31*v - 58. Let b be j(2). Suppose 4*w = -b*o + 388, 4*o + 4*w - 2*w = 390. Calculate the greatest common factor of o and 14.
14
Let c = 18074 + -17018. What is the highest common divisor of c and 616?
88
Let l be 6760/(-28)*(-9 - 5). What is the highest common factor of 80 and l?
20
Suppose 4*t = l - 546, -7*t = -11*t - 8. Suppose 0 = -3*q + 6*q - 3, 3*i - l = 2*q. What is the highest common factor of 20 and i?
20
Suppose -5*m + 330 = -110. Let q be (2 + -5)*86/(-6). Let d = q + -21. Calculate the greatest common factor of d and m.
22
Suppose 0 = 2*b - 21 + 3. Let n be 79 - (-4)/(16/12). Let t = n + -1. Calculate the greatest common factor of b and t.
9
Suppose 0 = -48*j + 47*j - 140. Let w be (36/30)/((-6)/j). Calculate the highest common divisor of w and 14.
14
Let y(h) = -h**3 + 17*h**2 + 33*h - 372. Let k be y(17). What is the highest common divisor of k and 882?
63
Let w(j) = j**3 + 21*j**2 + 62*j + 35. Let m(s) = s**3 - 9*s**2 + 5*s + 10. Let h be m(8). Let a be w(h). What is the highest common divisor of 77 and a?
77
Let s = 24503 + -23976. What is the highest common divisor of 248 and s?
31
Suppose -52 = k - 0*k. Let a(u) = u**2 - 32*u - 31. Let i be a(35). Let l = k + i. What is the greatest common divisor of l and 11?
11
Suppose 4*f - 5*j = 30561, 73*f + 3*j = 72*f + 7619. What is the greatest common divisor of 22 and f?
22
Let j(y) = -y**2 + 3*y + 506. Let x be j(-18). Calculate the greatest common divisor of 64 and x.
64
Suppose 3451 = 5*g - 11*r + 8*r, -7*g + r + 4825 = 0. What is the highest common factor of g and 143?
13
Let i(n) = 7 + n**2 + 19*n + 7*n**2 - 11. Let q be i(-4). Calculate the greatest common factor of 864 and q.
48
Let s be 1/11*-2 - (630/(-99))/2. Calculate the highest common divisor of s and 9993.
3
Let d be ((-12)/(-8))/((-2)/(-1292)). Suppose 16*j - d = 599. What is the greatest common factor of 56 and j?
14
Let u = 275 - 119. Suppose -100 = 32*d - 932. Calculate the highest common divisor of u and d.
26
Let n be 96/(-33) + 5/(-55) - -95. Suppose 17*z = 14*z - 5*q + 137, 0 = 2*z + 3*q - n. Calculate the greatest common divisor of z and 392.
49
Suppose -780 = -46*c + 36*c. Suppose 67*q + 11 = c*q. Calculate the highest common divisor of q and 25.
1
Suppose -3*m + 376 = 5*m. What is the highest common divisor of 4747 and m?
47
Let c = 52 + -56. Let i(r) = 8*r - 19. Let t(d) = -7*d + 19. Let x(w) = c*i(w) - 5*t(w). Let l be x(7). What is the greatest common factor of 1 and l?
1
Let l be 1*(8 - 3) - 84/(-36)*435. Calculate the highest common factor of l and 240.
60
Let p be (825/(-20) - -1)*1*4. Let c be (-2)/((0 - -1)/(9 + p)). What is the greatest common factor of 16 and c?
16
Let l = -6493 - -6496. Let y(d) = d - 9. Let a be y(5). Let t = -3 - a. Calculate the greatest common divisor of l and t.
1
Let q be 144 - 118 - (-230 + -3). Let o be (-2)/((-4)/37)*2. What is the highest common divisor of o and q?
37
Suppose -7*u = 250 - 1944. Let n = u - 185. Let q = 74 + -36. Calculate the highest common divisor of q and n.
19
Let q(o) = 17*o + 36. Let z be q(-2). Let x be ((-6)/(-5))/(10/25). Let h be x/((-2)/(-10)*5). Calculate the greatest common divisor of z and h.
1
Let c be ((-2055)/(-18) + 2 - 2) + (-495)/2970. Calculate the highest common divisor of c and 2698.
38
Let g be (-8258)/(-10) + 1 + 28/(-35). What is the greatest common factor of 649 and g?
59
Suppose -11144 = -120*o + 24496. Calculate the highest common divisor of o and 4917.
33
Suppose -3*n = 843*p - 846*p - 1551, -2026 = -4*n - 2*p. Calculate the greatest common divisor of n and 390.
30
Suppose -4*t + 8 + 4 = 0. Suppose -t*n - g = -47, n - 3*g + g = 11. Let u be ((-160)/15 + 10)/((-78)/(-27) - 3). What is the greatest common divisor of n and u?
3
Let k = -3852 - -4032. Calculate the greatest common divisor of k and 108.
36
Suppose -4*i - 5*o = -57, 3*i + 3*o = -0*o + 39. Suppose -i + 12 = h. Suppose -h*t - 48 = -7*t. Calculate the highest common factor of 208 and t.
16
Let v be (-8)/6*((-3)/(-2) + -3). Suppose 3*k - 5*k + 202 = 4*w, -5*w = v*k - 252. Let f = -38 + w. Calculate the highest common divisor of 6 and f.
6
Let a = -108 + 132. Let i be (-4)/56*6 + 17/7. Let k be i/(-5)*(-5 + -235). Calculate the greatest common divisor of k and a.
24
Suppose -157647 - 151953 = -96*c. Calculate the highest common factor of c and 525.
75
Let i = 21 - -3. Let r = 2126 + -2094. What is the greatest common factor of r and i?
8
Let f = -53 - -49. Let z be f/(-2) + 334*(-1)/2. Let w = 0 - z. What is the greatest common factor of w and 66?
33
Suppose 18*v = 17*v - 2. Suppose 2*r + a - 5*a = -4, -5*r - 4*a = 24. Let t be (6 + r)/(v - (-794)/396). Calculate the greatest common factor of t and 44.
44
Suppose 4*p = -3*r + 51, 4*p + 34 = 3*r + 7. Suppose 2309 = r*u - 2514. Calculate the highest common factor of 106 and u.
53
Let p(l) = -2*l + 21. Let x be p(7). Let n(r) = -3*r + r - 31 - 3*r + x*r. Let v be n(26). What is the greatest common factor of v and 21?
21
Let b = -726 - -540. Let l = 192 + b. Let a be (3/(-2))/((-6)/96). Calculate the highest common divisor of a and l.
6
Suppose -149 = -s + 120. Suppose -s*h = -274*h + 2035. Suppose 0 = 3*x - 2*z - 2*z - 111, 3*z = -2*x + 74. What is the highest common divisor of h and x?
37
Let z(h) = -6*h - 88. Let d be z(-16). Let r be (-12)/d*232/(-6). Calculate the greatest common factor of r and 203.
29
Let n be (56*1718/12)/(6/9). Calculate the highest common divisor of n and 14.
14
Suppose 4*x = -3*d + 404, -4*d + x + 308 = -237. Calculate the greatest common factor of d and 43112.
136
Let i(d) = -d**3 + 8*d**2 - d + 10. Let k be i(8). Let w(f) = 4*f - 33 + k*f + 4*f - 2*f. Let s be w(12). What is the greatest common divisor of s and 21?
21
Let o = -183 + 185. Let n be (-6)/12*o + 201. Let v be 39 - (-2 + 1 + 0). Calculate the greatest common factor of v and n.
40
Suppose -31 = 5*d + 2*r - 473, -5*r = d - 116. Calculate the highest common divisor of d and 14.
2
Let s = -10600 - -11248. Suppose -3*h - 5*q = -2*q - 75, 2*q + 46 = 2*h. What is the greatest common factor of s and h?
24
Let g(k) = k + 46. Let p be g(-41). What is the greatest common divisor of p and 2245?
5
Let p = 98 + -76. Suppose -p*i + 882 = -i. What is the greatest common factor of 798 and i?
42
Suppose -3*d + 5*d - 5*x = 52, 2*d - 2*x = 64. Let j be 42 - (-90)/(-675)*-45. Calculate the highest common factor of j and d.
12
Let r(p) = 2*p**2 - p - 2. Let m be r(4). Suppose -l + c = -96, -3*l + c = -6*l + 268. Calculate the highest common divisor of m and l.
13
Let k(l) = -l**3 + 2. Let s be k(-4). Suppose -4*g + 6*j = 3*j - 437, 0 = -j + 1. Calculate the greatest common factor of s and g.
22
Suppose -2*r = 5*k - 744, 2*k + 233*r - 231*r - 300 = 0. What is the greatest common divisor of 12950 and k?
74
Let i be 6/(-51)*(-238)/28 - -104. Calculate the highest common divisor of 336 and i.
21
Let x = 1238 + -1208. Let b be ((-133)/(-1) - -1) + (-4 - -5). Calculate the greatest common divisor of x and b.
15
Let d(w) be the first derivative of w**3/3 - 15*w**2 - 46*w + 261. Let k be d(36). Calculate the greatest common factor of 10 and k.
10
Let q = 4837 - 2233. Calculate the highest common divisor of 252 and q.
84
Let z = -100 - -96. Let r be (-914)/(-8) + -6 + 1/z. Calculate the highest common divisor of 24 and r.
12
Suppose 70262 - 782 = 9*b. What is the greatest common divisor of 80 and b?
40
Let g = 1065 + -1027. Let i be 133 - (4 - (4 + 0)). What is the greatest common factor of g and i?
19
Let l be 12/30 + 297306/10 + -69 + 68. What is the greatest common divisor of l and 30?
30
Suppose 1010 - 2585 = -7*k. Suppose 17*x + k = 22*x. Let i = x - 24. What is the highest common divisor of i and 168?
21
Suppose -342 = -2*x + w, 5*x + 2*w = 10*x - 854. Calculate the greatest common factor of x and 12920.
170
Let w = -58 - -157. Let x be -9*1*((-2661)/6209 + 752/(-42)). What is the highest common factor of w and x?
33
Let l = -345 - -348. Suppose l*z = 3*t - 327, -z = -4*t + z + 428. What is the highest common factor of 140 and t?
35
Suppose -c + 288 = -16*i + 17*i, 5*c = 2*i - 555. What is the greatest common divisor of i and 7